{"id":98,"date":"2017-04-22T15:21:57","date_gmt":"2017-04-22T15:21:57","guid":{"rendered":"http:\/\/radefeldersv.de\/?page_id=98"},"modified":"2022-10-24T13:27:57","modified_gmt":"2022-10-24T11:27:57","slug":"impressum","status":"publish","type":"page","link":"https:\/\/radefeldersv.de\/?page_id=98","title":{"rendered":"Impressum"},"content":{"rendered":"<h4>Adresse<\/h4>\n<p>Radefelder Sportverein e. V.<br \/>\nAm Unteren Anger 21<br \/>\n04435 Schkeuditz OT Radefeld<\/p>\n<h4>Kontakt<\/h4>\n<p style=\"text-align: left;\">Telefon 034207 915775<br \/>\neMail. m.boehme@radefeldersv.de<br \/>\nwww.radefeldersv.de<\/p>\n<h4 style=\"text-align: left;\">Vertretungsberechtigter Vorstand<\/h4>\n<ul>\n<li style=\"text-align: left;\">Maik B\u00f6hme-Kretzschmar &#8211; Vorsitzender<\/li>\n<li>S\u00f6ren Gr\u00fcbsch &#8211; stellv. Vorsitzender<\/li>\n<li style=\"text-align: left;\">J\u00fcrgen Weber &#8211; stellv. Vorsitzender<\/li>\n<li>Rene Hil\u00dfner \u2013 stellv. Vorsitzender<\/li>\n<li style=\"text-align: left;\">Brita Lewik &#8211; Schatzmeister<\/li>\n<\/ul>\n<div class=\"pvc_clear\"><\/div>\n<p id=\"pvc_stats_98\" class=\"pvc_stats all  \" data-element-id=\"98\" style=\"\"><i class=\"pvc-stats-icon small\" aria-hidden=\"true\"><svg aria-hidden=\"true\" focusable=\"false\" data-prefix=\"far\" data-icon=\"chart-bar\" role=\"img\" xmlns=\"http:\/\/www.w3.org\/2000\/svg\" viewBox=\"0 0 512 512\" class=\"svg-inline--fa fa-chart-bar fa-w-16 fa-2x\"><path fill=\"currentColor\" d=\"M396.8 352h22.4c6.4 0 12.8-6.4 12.8-12.8V108.8c0-6.4-6.4-12.8-12.8-12.8h-22.4c-6.4 0-12.8 6.4-12.8 12.8v230.4c0 6.4 6.4 12.8 12.8 12.8zm-192 0h22.4c6.4 0 12.8-6.4 12.8-12.8V140.8c0-6.4-6.4-12.8-12.8-12.8h-22.4c-6.4 0-12.8 6.4-12.8 12.8v198.4c0 6.4 6.4 12.8 12.8 12.8zm96 0h22.4c6.4 0 12.8-6.4 12.8-12.8V204.8c0-6.4-6.4-12.8-12.8-12.8h-22.4c-6.4 0-12.8 6.4-12.8 12.8v134.4c0 6.4 6.4 12.8 12.8 12.8zM496 400H48V80c0-8.84-7.16-16-16-16H16C7.16 64 0 71.16 0 80v336c0 17.67 14.33 32 32 32h464c8.84 0 16-7.16 16-16v-16c0-8.84-7.16-16-16-16zm-387.2-48h22.4c6.4 0 12.8-6.4 12.8-12.8v-70.4c0-6.4-6.4-12.8-12.8-12.8h-22.4c-6.4 0-12.8 6.4-12.8 12.8v70.4c0 6.4 6.4 12.8 12.8 12.8z\" class=\"\"><\/path><\/svg><\/i> <img decoding=\"async\" width=\"16\" height=\"16\" alt=\"Loading\" src=\"https:\/\/radefeldersv.de\/wp-content\/plugins\/page-views-count\/ajax-loader-2x.gif\" border=0 \/><\/p>\n<div class=\"pvc_clear\"><\/div>\n","protected":false},"excerpt":{"rendered":"<p>Adresse Radefelder Sportverein e. V. Am Unteren Anger 21 04435 Schkeuditz OT Radefeld Kontakt Telefon 034207 915775 eMail. m.boehme@radefeldersv.de www.radefeldersv.de Vertretungsberechtigter Vorstand Maik B\u00f6hme-Kretzschmar &#8211; Vorsitzender S\u00f6ren Gr\u00fcbsch &#8211; stellv. Vorsitzender J\u00fcrgen Weber &#8211; stellv. Vorsitzender Rene Hil\u00dfner \u2013 stellv. Vorsitzender Brita Lewik &#8211; Schatzmeister<\/p>\n<div class=\"pvc_clear\"><\/div>\n<p id=\"pvc_stats_98\" class=\"pvc_stats all  \" data-element-id=\"98\" style=\"\"><i class=\"pvc-stats-icon small\" aria-hidden=\"true\"><svg aria-hidden=\"true\" focusable=\"false\" data-prefix=\"far\" data-icon=\"chart-bar\" role=\"img\" xmlns=\"http:\/\/www.w3.org\/2000\/svg\" viewBox=\"0 0 512 512\" class=\"svg-inline--fa fa-chart-bar fa-w-16 fa-2x\"><path fill=\"currentColor\" d=\"M396.8 352h22.4c6.4 0 12.8-6.4 12.8-12.8V108.8c0-6.4-6.4-12.8-12.8-12.8h-22.4c-6.4 0-12.8 6.4-12.8 12.8v230.4c0 6.4 6.4 12.8 12.8 12.8zm-192 0h22.4c6.4 0 12.8-6.4 12.8-12.8V140.8c0-6.4-6.4-12.8-12.8-12.8h-22.4c-6.4 0-12.8 6.4-12.8 12.8v198.4c0 6.4 6.4 12.8 12.8 12.8zm96 0h22.4c6.4 0 12.8-6.4 12.8-12.8V204.8c0-6.4-6.4-12.8-12.8-12.8h-22.4c-6.4 0-12.8 6.4-12.8 12.8v134.4c0 6.4 6.4 12.8 12.8 12.8zM496 400H48V80c0-8.84-7.16-16-16-16H16C7.16 64 0 71.16 0 80v336c0 17.67 14.33 32 32 32h464c8.84 0 16-7.16 16-16v-16c0-8.84-7.16-16-16-16zm-387.2-48h22.4c6.4 0 12.8-6.4 12.8-12.8v-70.4c0-6.4-6.4-12.8-12.8-12.8h-22.4c-6.4 0-12.8 6.4-12.8 12.8v70.4c0 6.4 6.4 12.8 12.8 12.8z\" class=\"\"><\/path><\/svg><\/i> <img decoding=\"async\" width=\"16\" height=\"16\" alt=\"Loading\" src=\"https:\/\/radefeldersv.de\/wp-content\/plugins\/page-views-count\/ajax-loader-2x.gif\" border=0 \/><\/p>\n<div class=\"pvc_clear\"><\/div>\n","protected":false},"author":1,"featured_media":0,"parent":0,"menu_order":0,"comment_status":"closed","ping_status":"closed","template":"","meta":{"_crdt_document":"","footnotes":""},"class_list":["post-98","page","type-page","status-publish","hentry"],"a3_pvc":{"activated":true,"total_views":7004,"today_views":0},"_links":{"self":[{"href":"https:\/\/radefeldersv.de\/index.php?rest_route=\/wp\/v2\/pages\/98","targetHints":{"allow":["GET"]}}],"collection":[{"href":"https:\/\/radefeldersv.de\/index.php?rest_route=\/wp\/v2\/pages"}],"about":[{"href":"https:\/\/radefeldersv.de\/index.php?rest_route=\/wp\/v2\/types\/page"}],"author":[{"embeddable":true,"href":"https:\/\/radefeldersv.de\/index.php?rest_route=\/wp\/v2\/users\/1"}],"replies":[{"embeddable":true,"href":"https:\/\/radefeldersv.de\/index.php?rest_route=%2Fwp%2Fv2%2Fcomments&post=98"}],"version-history":[{"count":16,"href":"https:\/\/radefeldersv.de\/index.php?rest_route=\/wp\/v2\/pages\/98\/revisions"}],"predecessor-version":[{"id":2883,"href":"https:\/\/radefeldersv.de\/index.php?rest_route=\/wp\/v2\/pages\/98\/revisions\/2883"}],"wp:attachment":[{"href":"https:\/\/radefeldersv.de\/index.php?rest_route=%2Fwp%2Fv2%2Fmedia&parent=98"}],"curies":[{"name":"wp","href":"https:\/\/api.w.org\/{rel}","templated":true}]}}

<h4>Adresse</h4>
<p>Radefelder Sportverein e. V.<br />
Am Unteren Anger 21<br />
04435 Schkeuditz OT Radefeld</p>
<h4>Kontakt</h4>
<p style="text-align: left;">Telefon 034207 915775<br />
eMail. m.boehme@radefeldersv.de<br />
www.radefeldersv.de</p>
<h4 style="text-align: left;">Vertretungsberechtigter Vorstand</h4>
<ul>
<li style="text-align: left;">Maik Böhme-Kretzschmar &#8211; Vorsitzender</li>
<li>Sören Grübsch &#8211; stellv. Vorsitzender</li>
<li style="text-align: left;">Jürgen Weber &#8211; stellv. Vorsitzender</li>
<li>Rene Hilßner – stellv. Vorsitzender</li>
<li style="text-align: left;">Brita Lewik &#8211; Schatzmeister</li>
</ul>
<div class="pvc_clear"></div>
<p id="pvc_stats_98" class="pvc_stats all  " data-element-id="98" style=""><i class="pvc-stats-icon small" aria-hidden="true"><svg aria-hidden="true" focusable="false" data-prefix="far" data-icon="chart-bar" role="img" xmlns="http://www.w3.org/2000/svg" viewBox="0 0 512 512" class="svg-inline--fa fa-chart-bar fa-w-16 fa-2x"><path fill="currentColor" d="M396.8 352h22.4c6.4 0 12.8-6.4 12.8-12.8V108.8c0-6.4-6.4-12.8-12.8-12.8h-22.4c-6.4 0-12.8 6.4-12.8 12.8v230.4c0 6.4 6.4 12.8 12.8 12.8zm-192 0h22.4c6.4 0 12.8-6.4 12.8-12.8V140.8c0-6.4-6.4-12.8-12.8-12.8h-22.4c-6.4 0-12.8 6.4-12.8 12.8v198.4c0 6.4 6.4 12.8 12.8 12.8zm96 0h22.4c6.4 0 12.8-6.4 12.8-12.8V204.8c0-6.4-6.4-12.8-12.8-12.8h-22.4c-6.4 0-12.8 6.4-12.8 12.8v134.4c0 6.4 6.4 12.8 12.8 12.8zM496 400H48V80c0-8.84-7.16-16-16-16H16C7.16 64 0 71.16 0 80v336c0 17.67 14.33 32 32 32h464c8.84 0 16-7.16 16-16v-16c0-8.84-7.16-16-16-16zm-387.2-48h22.4c6.4 0 12.8-6.4 12.8-12.8v-70.4c0-6.4-6.4-12.8-12.8-12.8h-22.4c-6.4 0-12.8 6.4-12.8 12.8v70.4c0 6.4 6.4 12.8 12.8 12.8z" class=""></path></svg></i> <img decoding="async" width="16" height="16" alt="Loading" src="https://radefeldersv.de/wp-content/plugins/page-views-count/ajax-loader-2x.gif" border=0 /></p>
<div class="pvc_clear"></div>

<p>Adresse Radefelder Sportverein e. V. Am Unteren Anger 21 04435 Schkeuditz OT Radefeld Kontakt Telefon 034207 915775 eMail. m.boehme@radefeldersv.de www.radefeldersv.de Vertretungsberechtigter Vorstand Maik Böhme-Kretzschmar &#8211; Vorsitzender Sören Grübsch &#8211; stellv. Vorsitzender Jürgen Weber &#8211; stellv. Vorsitzender Rene Hilßner – stellv. Vorsitzender Brita Lewik &#8211; Schatzmeister</p>
<div class="pvc_clear"></div>
<p id="pvc_stats_98" class="pvc_stats all  " data-element-id="98" style=""><i class="pvc-stats-icon small" aria-hidden="true"><svg aria-hidden="true" focusable="false" data-prefix="far" data-icon="chart-bar" role="img" xmlns="http://www.w3.org/2000/svg" viewBox="0 0 512 512" class="svg-inline--fa fa-chart-bar fa-w-16 fa-2x"><path fill="currentColor" d="M396.8 352h22.4c6.4 0 12.8-6.4 12.8-12.8V108.8c0-6.4-6.4-12.8-12.8-12.8h-22.4c-6.4 0-12.8 6.4-12.8 12.8v230.4c0 6.4 6.4 12.8 12.8 12.8zm-192 0h22.4c6.4 0 12.8-6.4 12.8-12.8V140.8c0-6.4-6.4-12.8-12.8-12.8h-22.4c-6.4 0-12.8 6.4-12.8 12.8v198.4c0 6.4 6.4 12.8 12.8 12.8zm96 0h22.4c6.4 0 12.8-6.4 12.8-12.8V204.8c0-6.4-6.4-12.8-12.8-12.8h-22.4c-6.4 0-12.8 6.4-12.8 12.8v134.4c0 6.4 6.4 12.8 12.8 12.8zM496 400H48V80c0-8.84-7.16-16-16-16H16C7.16 64 0 71.16 0 80v336c0 17.67 14.33 32 32 32h464c8.84 0 16-7.16 16-16v-16c0-8.84-7.16-16-16-16zm-387.2-48h22.4c6.4 0 12.8-6.4 12.8-12.8v-70.4c0-6.4-6.4-12.8-12.8-12.8h-22.4c-6.4 0-12.8 6.4-12.8 12.8v70.4c0 6.4 6.4 12.8 12.8 12.8z" class=""></path></svg></i> <img decoding="async" width="16" height="16" alt="Loading" src="https://radefeldersv.de/wp-content/plugins/page-views-count/ajax-loader-2x.gif" border=0 /></p>
<div class="pvc_clear"></div>
