{"id":74,"date":"2017-04-22T14:36:54","date_gmt":"2017-04-22T14:36:54","guid":{"rendered":"http:\/\/radefeldersv.de\/?page_id=74"},"modified":"2026-01-14T13:55:19","modified_gmt":"2026-01-14T11:55:19","slug":"kinderturnen","status":"publish","type":"page","link":"https:\/\/radefeldersv.de\/?page_id=74","title":{"rendered":"Kinderturnen"},"content":{"rendered":"\n<p class=\"has-text-align-center wp-block-paragraph\">Die Kindersportgruppe des Radefelder SV bietet unseren j\u00fcngsten Mitgliedern einen spielerischen und vielseitigen Einstieg in die Welt des Sports. Mit Bewegung, Spa\u00df und Abwechslung werden Motorik, Koordination und Teamf\u00e4higkeit gef\u00f6rdert.<\/p>\n\n\n\n<p class=\"has-text-align-center wp-block-paragraph\">Im Mittelpunkt stehen das gemeinsame Spielen, Turnen und Ausprobieren verschiedener Bewegungsformen. In einer freundlichen und motivierenden Atmosph\u00e4re lernen die Kinder, sich zu bewegen, Regeln zu verstehen und Teil einer Gemeinschaft zu sein.<\/p>\n\n\n\n<p class=\"has-text-align-center wp-block-paragraph\">Die Kindersportgruppe legt damit eine wichtige Grundlage f\u00fcr Freude an Sport, Fairness und Zusammenhalt \u2013 Werte, die den Radefelder SV auszeichnen.<\/p>\n\n\n\n<div style=\"height:30px\" aria-hidden=\"true\" class=\"wp-block-spacer\"><\/div>\n\n\n\n<hr class=\"wp-block-separator has-alpha-channel-opacity is-style-wide\"\/>\n\n\n\n<div style=\"height:30px\" aria-hidden=\"true\" class=\"wp-block-spacer\"><\/div>\n\n\n\n<p class=\"has-text-align-center has-medium-font-size wp-block-paragraph\"><em><strong>Trainingszeiten:<\/strong><\/em><\/p>\n\n\n\n<p class=\"has-text-align-center has-medium-font-size wp-block-paragraph\">Freitag 16:00 &#8211; 17:00 Uhr<\/p>\n\n\n\n<p class=\"has-text-align-center has-medium-font-size wp-block-paragraph\"><em><strong>Trainingsort:<\/strong><\/em><\/p>\n\n\n\n<p class=\"has-text-align-center has-medium-font-size wp-block-paragraph\">Sport- u. Festhalle Radefeld<\/p>\n\n\n\n<p class=\"has-text-align-center has-medium-font-size wp-block-paragraph\"><em><strong>Ansprechpartner:<\/strong><\/em><\/p>\n\n\n\n<p class=\"has-text-align-center has-medium-font-size wp-block-paragraph\">Brita Lewik &#8211; Telefon 0178 8797772<\/p>\n\n\n\n<p class=\"has-text-align-center has-medium-font-size wp-block-paragraph\">Margit Jagen &#8211;&nbsp;Telefon 034207 72322<\/p>\n<div class=\"pvc_clear\"><\/div><p id=\"pvc_stats_74\" class=\"pvc_stats all  \" data-element-id=\"74\" style=\"\"><i class=\"pvc-stats-icon small\" aria-hidden=\"true\"><svg aria-hidden=\"true\" focusable=\"false\" data-prefix=\"far\" data-icon=\"chart-bar\" role=\"img\" xmlns=\"http:\/\/www.w3.org\/2000\/svg\" viewBox=\"0 0 512 512\" class=\"svg-inline--fa fa-chart-bar fa-w-16 fa-2x\"><path fill=\"currentColor\" d=\"M396.8 352h22.4c6.4 0 12.8-6.4 12.8-12.8V108.8c0-6.4-6.4-12.8-12.8-12.8h-22.4c-6.4 0-12.8 6.4-12.8 12.8v230.4c0 6.4 6.4 12.8 12.8 12.8zm-192 0h22.4c6.4 0 12.8-6.4 12.8-12.8V140.8c0-6.4-6.4-12.8-12.8-12.8h-22.4c-6.4 0-12.8 6.4-12.8 12.8v198.4c0 6.4 6.4 12.8 12.8 12.8zm96 0h22.4c6.4 0 12.8-6.4 12.8-12.8V204.8c0-6.4-6.4-12.8-12.8-12.8h-22.4c-6.4 0-12.8 6.4-12.8 12.8v134.4c0 6.4 6.4 12.8 12.8 12.8zM496 400H48V80c0-8.84-7.16-16-16-16H16C7.16 64 0 71.16 0 80v336c0 17.67 14.33 32 32 32h464c8.84 0 16-7.16 16-16v-16c0-8.84-7.16-16-16-16zm-387.2-48h22.4c6.4 0 12.8-6.4 12.8-12.8v-70.4c0-6.4-6.4-12.8-12.8-12.8h-22.4c-6.4 0-12.8 6.4-12.8 12.8v70.4c0 6.4 6.4 12.8 12.8 12.8z\" class=\"\"><\/path><\/svg><\/i> <img decoding=\"async\" width=\"16\" height=\"16\" alt=\"Loading\" src=\"https:\/\/radefeldersv.de\/wp-content\/plugins\/page-views-count\/ajax-loader-2x.gif\" border=0 \/><\/p><div class=\"pvc_clear\"><\/div>","protected":false},"excerpt":{"rendered":"<p>Die Kindersportgruppe des Radefelder SV bietet unseren j\u00fcngsten Mitgliedern einen spielerischen und vielseitigen Einstieg in die Welt des Sports. Mit Bewegung, Spa\u00df und Abwechslung werden Motorik, Koordination und Teamf\u00e4higkeit gef\u00f6rdert. Im Mittelpunkt stehen das gemeinsame Spielen, Turnen und Ausprobieren verschiedener Bewegungsformen. In einer freundlichen und motivierenden Atmosph\u00e4re lernen die Kinder, sich zu bewegen, Regeln zu verstehen und Teil einer Gemeinschaft zu sein. Die Kindersportgruppe legt damit eine wichtige Grundlage f\u00fcr Freude an Sport, Fairness und Zusammenhalt \u2013 Werte, die den Radefelder SV auszeichnen. Trainingszeiten: Freitag 16:00 &#8211; 17:00 Uhr Trainingsort: Sport- u. Festhalle Radefeld Ansprechpartner: Brita Lewik &#8211; Telefon 0178 8797772 Margit Jagen &#8211;&nbsp;Telefon 034207 72322<\/p>\n<div class=\"pvc_clear\"><\/div>\n<p id=\"pvc_stats_74\" class=\"pvc_stats all  \" data-element-id=\"74\" style=\"\"><i class=\"pvc-stats-icon small\" aria-hidden=\"true\"><svg aria-hidden=\"true\" focusable=\"false\" data-prefix=\"far\" data-icon=\"chart-bar\" role=\"img\" xmlns=\"http:\/\/www.w3.org\/2000\/svg\" viewBox=\"0 0 512 512\" class=\"svg-inline--fa fa-chart-bar fa-w-16 fa-2x\"><path fill=\"currentColor\" d=\"M396.8 352h22.4c6.4 0 12.8-6.4 12.8-12.8V108.8c0-6.4-6.4-12.8-12.8-12.8h-22.4c-6.4 0-12.8 6.4-12.8 12.8v230.4c0 6.4 6.4 12.8 12.8 12.8zm-192 0h22.4c6.4 0 12.8-6.4 12.8-12.8V140.8c0-6.4-6.4-12.8-12.8-12.8h-22.4c-6.4 0-12.8 6.4-12.8 12.8v198.4c0 6.4 6.4 12.8 12.8 12.8zm96 0h22.4c6.4 0 12.8-6.4 12.8-12.8V204.8c0-6.4-6.4-12.8-12.8-12.8h-22.4c-6.4 0-12.8 6.4-12.8 12.8v134.4c0 6.4 6.4 12.8 12.8 12.8zM496 400H48V80c0-8.84-7.16-16-16-16H16C7.16 64 0 71.16 0 80v336c0 17.67 14.33 32 32 32h464c8.84 0 16-7.16 16-16v-16c0-8.84-7.16-16-16-16zm-387.2-48h22.4c6.4 0 12.8-6.4 12.8-12.8v-70.4c0-6.4-6.4-12.8-12.8-12.8h-22.4c-6.4 0-12.8 6.4-12.8 12.8v70.4c0 6.4 6.4 12.8 12.8 12.8z\" class=\"\"><\/path><\/svg><\/i> <img decoding=\"async\" width=\"16\" height=\"16\" alt=\"Loading\" src=\"https:\/\/radefeldersv.de\/wp-content\/plugins\/page-views-count\/ajax-loader-2x.gif\" border=0 \/><\/p>\n<div class=\"pvc_clear\"><\/div>\n","protected":false},"author":1,"featured_media":3978,"parent":0,"menu_order":0,"comment_status":"closed","ping_status":"closed","template":"","meta":{"_crdt_document":"","footnotes":""},"class_list":["post-74","page","type-page","status-publish","has-post-thumbnail","hentry"],"a3_pvc":{"activated":true,"total_views":3246,"today_views":0},"_links":{"self":[{"href":"https:\/\/radefeldersv.de\/index.php?rest_route=\/wp\/v2\/pages\/74","targetHints":{"allow":["GET"]}}],"collection":[{"href":"https:\/\/radefeldersv.de\/index.php?rest_route=\/wp\/v2\/pages"}],"about":[{"href":"https:\/\/radefeldersv.de\/index.php?rest_route=\/wp\/v2\/types\/page"}],"author":[{"embeddable":true,"href":"https:\/\/radefeldersv.de\/index.php?rest_route=\/wp\/v2\/users\/1"}],"replies":[{"embeddable":true,"href":"https:\/\/radefeldersv.de\/index.php?rest_route=%2Fwp%2Fv2%2Fcomments&post=74"}],"version-history":[{"count":12,"href":"https:\/\/radefeldersv.de\/index.php?rest_route=\/wp\/v2\/pages\/74\/revisions"}],"predecessor-version":[{"id":3981,"href":"https:\/\/radefeldersv.de\/index.php?rest_route=\/wp\/v2\/pages\/74\/revisions\/3981"}],"wp:featuredmedia":[{"embeddable":true,"href":"https:\/\/radefeldersv.de\/index.php?rest_route=\/wp\/v2\/media\/3978"}],"wp:attachment":[{"href":"https:\/\/radefeldersv.de\/index.php?rest_route=%2Fwp%2Fv2%2Fmedia&parent=74"}],"curies":[{"name":"wp","href":"https:\/\/api.w.org\/{rel}","templated":true}]}}

<p class="has-text-align-center wp-block-paragraph">Die Kindersportgruppe des Radefelder SV bietet unseren jüngsten Mitgliedern einen spielerischen und vielseitigen Einstieg in die Welt des Sports. Mit Bewegung, Spaß und Abwechslung werden Motorik, Koordination und Teamfähigkeit gefördert.</p>



<p class="has-text-align-center wp-block-paragraph">Im Mittelpunkt stehen das gemeinsame Spielen, Turnen und Ausprobieren verschiedener Bewegungsformen. In einer freundlichen und motivierenden Atmosphäre lernen die Kinder, sich zu bewegen, Regeln zu verstehen und Teil einer Gemeinschaft zu sein.</p>



<p class="has-text-align-center wp-block-paragraph">Die Kindersportgruppe legt damit eine wichtige Grundlage für Freude an Sport, Fairness und Zusammenhalt – Werte, die den Radefelder SV auszeichnen.</p>



<div style="height:30px" aria-hidden="true" class="wp-block-spacer"></div>



<hr class="wp-block-separator has-alpha-channel-opacity is-style-wide"/>



<div style="height:30px" aria-hidden="true" class="wp-block-spacer"></div>



<p class="has-text-align-center has-medium-font-size wp-block-paragraph"><em><strong>Trainingszeiten:</strong></em></p>



<p class="has-text-align-center has-medium-font-size wp-block-paragraph">Freitag 16:00 &#8211; 17:00 Uhr</p>



<p class="has-text-align-center has-medium-font-size wp-block-paragraph"><em><strong>Trainingsort:</strong></em></p>



<p class="has-text-align-center has-medium-font-size wp-block-paragraph">Sport- u. Festhalle Radefeld</p>



<p class="has-text-align-center has-medium-font-size wp-block-paragraph"><em><strong>Ansprechpartner:</strong></em></p>



<p class="has-text-align-center has-medium-font-size wp-block-paragraph">Brita Lewik &#8211; Telefon 0178 8797772</p>



<p class="has-text-align-center has-medium-font-size wp-block-paragraph">Margit Jagen &#8211;&nbsp;Telefon 034207 72322</p>
<div class="pvc_clear"></div><p id="pvc_stats_74" class="pvc_stats all  " data-element-id="74" style=""><i class="pvc-stats-icon small" aria-hidden="true"><svg aria-hidden="true" focusable="false" data-prefix="far" data-icon="chart-bar" role="img" xmlns="http://www.w3.org/2000/svg" viewBox="0 0 512 512" class="svg-inline--fa fa-chart-bar fa-w-16 fa-2x"><path fill="currentColor" d="M396.8 352h22.4c6.4 0 12.8-6.4 12.8-12.8V108.8c0-6.4-6.4-12.8-12.8-12.8h-22.4c-6.4 0-12.8 6.4-12.8 12.8v230.4c0 6.4 6.4 12.8 12.8 12.8zm-192 0h22.4c6.4 0 12.8-6.4 12.8-12.8V140.8c0-6.4-6.4-12.8-12.8-12.8h-22.4c-6.4 0-12.8 6.4-12.8 12.8v198.4c0 6.4 6.4 12.8 12.8 12.8zm96 0h22.4c6.4 0 12.8-6.4 12.8-12.8V204.8c0-6.4-6.4-12.8-12.8-12.8h-22.4c-6.4 0-12.8 6.4-12.8 12.8v134.4c0 6.4 6.4 12.8 12.8 12.8zM496 400H48V80c0-8.84-7.16-16-16-16H16C7.16 64 0 71.16 0 80v336c0 17.67 14.33 32 32 32h464c8.84 0 16-7.16 16-16v-16c0-8.84-7.16-16-16-16zm-387.2-48h22.4c6.4 0 12.8-6.4 12.8-12.8v-70.4c0-6.4-6.4-12.8-12.8-12.8h-22.4c-6.4 0-12.8 6.4-12.8 12.8v70.4c0 6.4 6.4 12.8 12.8 12.8z" class=""></path></svg></i> <img decoding="async" width="16" height="16" alt="Loading" src="https://radefeldersv.de/wp-content/plugins/page-views-count/ajax-loader-2x.gif" border=0 /></p><div class="pvc_clear"></div>

<p>Die Kindersportgruppe des Radefelder SV bietet unseren jüngsten Mitgliedern einen spielerischen und vielseitigen Einstieg in die Welt des Sports. Mit Bewegung, Spaß und Abwechslung werden Motorik, Koordination und Teamfähigkeit gefördert. Im Mittelpunkt stehen das gemeinsame Spielen, Turnen und Ausprobieren verschiedener Bewegungsformen. In einer freundlichen und motivierenden Atmosphäre lernen die Kinder, sich zu bewegen, Regeln zu verstehen und Teil einer Gemeinschaft zu sein. Die Kindersportgruppe legt damit eine wichtige Grundlage für Freude an Sport, Fairness und Zusammenhalt – Werte, die den Radefelder SV auszeichnen. Trainingszeiten: Freitag 16:00 &#8211; 17:00 Uhr Trainingsort: Sport- u. Festhalle Radefeld Ansprechpartner: Brita Lewik &#8211; Telefon 0178 8797772 Margit Jagen &#8211;&nbsp;Telefon 034207 72322</p>
<div class="pvc_clear"></div>
<p id="pvc_stats_74" class="pvc_stats all  " data-element-id="74" style=""><i class="pvc-stats-icon small" aria-hidden="true"><svg aria-hidden="true" focusable="false" data-prefix="far" data-icon="chart-bar" role="img" xmlns="http://www.w3.org/2000/svg" viewBox="0 0 512 512" class="svg-inline--fa fa-chart-bar fa-w-16 fa-2x"><path fill="currentColor" d="M396.8 352h22.4c6.4 0 12.8-6.4 12.8-12.8V108.8c0-6.4-6.4-12.8-12.8-12.8h-22.4c-6.4 0-12.8 6.4-12.8 12.8v230.4c0 6.4 6.4 12.8 12.8 12.8zm-192 0h22.4c6.4 0 12.8-6.4 12.8-12.8V140.8c0-6.4-6.4-12.8-12.8-12.8h-22.4c-6.4 0-12.8 6.4-12.8 12.8v198.4c0 6.4 6.4 12.8 12.8 12.8zm96 0h22.4c6.4 0 12.8-6.4 12.8-12.8V204.8c0-6.4-6.4-12.8-12.8-12.8h-22.4c-6.4 0-12.8 6.4-12.8 12.8v134.4c0 6.4 6.4 12.8 12.8 12.8zM496 400H48V80c0-8.84-7.16-16-16-16H16C7.16 64 0 71.16 0 80v336c0 17.67 14.33 32 32 32h464c8.84 0 16-7.16 16-16v-16c0-8.84-7.16-16-16-16zm-387.2-48h22.4c6.4 0 12.8-6.4 12.8-12.8v-70.4c0-6.4-6.4-12.8-12.8-12.8h-22.4c-6.4 0-12.8 6.4-12.8 12.8v70.4c0 6.4 6.4 12.8 12.8 12.8z" class=""></path></svg></i> <img decoding="async" width="16" height="16" alt="Loading" src="https://radefeldersv.de/wp-content/plugins/page-views-count/ajax-loader-2x.gif" border=0 /></p>
<div class="pvc_clear"></div>
