{"id":3982,"date":"2026-01-14T13:59:44","date_gmt":"2026-01-14T11:59:44","guid":{"rendered":"https:\/\/radefeldersv.de\/?page_id=3982"},"modified":"2026-08-13T19:56:08","modified_gmt":"2026-08-13T17:56:08","slug":"ladykracher","status":"publish","type":"page","link":"https:\/\/radefeldersv.de\/?page_id=3982","title":{"rendered":"Ladykracher"},"content":{"rendered":"\t\t<div data-elementor-type=\"wp-page\" data-elementor-id=\"3982\" class=\"elementor elementor-3982\">\n\t\t\t\t\t\t<section class=\"elementor-section elementor-top-section elementor-element elementor-element-4cbd66bb elementor-section-boxed elementor-section-height-default elementor-section-height-default\" data-id=\"4cbd66bb\" data-element_type=\"section\" data-e-type=\"section\">\n\t\t\t\t\t\t<div class=\"elementor-container elementor-column-gap-default\">\n\t\t\t\t\t<div class=\"elementor-column elementor-col-100 elementor-top-column elementor-element elementor-element-61c7cb49\" data-id=\"61c7cb49\" data-element_type=\"column\" data-e-type=\"column\">\n\t\t\t<div class=\"elementor-widget-wrap elementor-element-populated\">\n\t\t\t\t\t\t<div class=\"elementor-element elementor-element-24121f3b elementor-widget elementor-widget-text-editor\" data-id=\"24121f3b\" data-element_type=\"widget\" data-e-type=\"widget\" data-widget_type=\"text-editor.default\">\n\t\t\t\t<div class=\"elementor-widget-container\">\n\t\t\t\t\t\t\t\t\t\n<p class=\"has-text-align-center wp-block-paragraph\">Die Ladykracher-Tanzgruppe des Radefelder SV steht f\u00fcr Power, Lebensfreude und beeindruckende B\u00fchnenpr\u00e4senz. Mit viel Energie, Humor und Leidenschaft bringen die T\u00e4nzerinnen moderne Choreografien und starke Auftritte auf die B\u00fchne.<\/p>\n\n<p class=\"has-text-align-center wp-block-paragraph\">Im Training verbinden sich Bewegung, Ausdruck und Teamgeist zu einer motivierenden Gemeinschaft, in der Spa\u00df am Tanzen und Zusammenhalt im Vordergrund stehen. Jede T\u00e4nzerin bringt ihre Pers\u00f6nlichkeit ein und macht die Gruppe einzigartig.<\/p>\n\n<p class=\"has-text-align-center wp-block-paragraph\">Mit ihren mitrei\u00dfenden Auftritten sind die Ladykracher ein echtes Highlight bei Vereinsfesten und Veranstaltungen und zeigen eindrucksvoll, wie vielf\u00e4ltig, lebendig und stark der Radefelder SV ist.<\/p>\n\t\t\t\t\t\t\t\t<\/div>\n\t\t\t\t<\/div>\n\t\t\t\t\t<\/div>\n\t\t<\/div>\n\t\t\t\t\t<\/div>\n\t\t<\/section>\n\t\t\t\t<section class=\"elementor-section elementor-top-section elementor-element elementor-element-4471e84 elementor-section-boxed elementor-section-height-default elementor-section-height-default\" data-id=\"4471e84\" data-element_type=\"section\" data-e-type=\"section\">\n\t\t\t\t\t\t<div class=\"elementor-container elementor-column-gap-default\">\n\t\t\t\t\t<div class=\"elementor-column elementor-col-100 elementor-top-column elementor-element elementor-element-9051aa4\" data-id=\"9051aa4\" data-element_type=\"column\" data-e-type=\"column\">\n\t\t\t<div class=\"elementor-widget-wrap elementor-element-populated\">\n\t\t\t\t\t\t<div class=\"elementor-element elementor-element-cb2a2a3 elementor-widget-divider--view-line elementor-widget elementor-widget-divider\" data-id=\"cb2a2a3\" data-element_type=\"widget\" data-e-type=\"widget\" data-widget_type=\"divider.default\">\n\t\t\t\t<div class=\"elementor-widget-container\">\n\t\t\t\t\t\t\t<div class=\"elementor-divider\">\n\t\t\t<span class=\"elementor-divider-separator\">\n\t\t\t\t\t\t<\/span>\n\t\t<\/div>\n\t\t\t\t\t\t<\/div>\n\t\t\t\t<\/div>\n\t\t\t\t\t<\/div>\n\t\t<\/div>\n\t\t\t\t\t<\/div>\n\t\t<\/section>\n\t\t\t\t<section class=\"elementor-section elementor-top-section elementor-element elementor-element-9928c8d elementor-section-boxed elementor-section-height-default elementor-section-height-default\" data-id=\"9928c8d\" data-element_type=\"section\" data-e-type=\"section\">\n\t\t\t\t\t\t<div class=\"elementor-container elementor-column-gap-default\">\n\t\t\t\t\t<div class=\"elementor-column elementor-col-100 elementor-top-column elementor-element elementor-element-ec5d9ca\" data-id=\"ec5d9ca\" data-element_type=\"column\" data-e-type=\"column\">\n\t\t\t<div class=\"elementor-widget-wrap elementor-element-populated\">\n\t\t\t\t\t\t<div class=\"elementor-element elementor-element-1b0855b elementor-widget elementor-widget-text-editor\" data-id=\"1b0855b\" data-element_type=\"widget\" data-e-type=\"widget\" data-widget_type=\"text-editor.default\">\n\t\t\t\t<div class=\"elementor-widget-container\">\n\t\t\t\t\t\t\t\t\t<h4 class=\"has-text-align-center has-medium-font-size\" style=\"text-align: left;\"><strong><em>Ansprechpartnerin:<\/em><\/strong><\/h4>\n<ul>\n<li>Andrea Jagen &#8211; 0170 5565731<\/li>\n<\/ul>\n<h4 class=\"has-text-align-center has-medium-font-size\" style=\"text-align: left;\"><strong><em>Trainingszeit:<\/em><\/strong><\/h4>\n<ul>\n<li>Mittwoch 20:00 Uhr &#8211; 21:00 Uhr<\/li>\n<\/ul>\n<p style=\"text-align: left;\"><!-- \/wp:paragraph --><!-- wp:paragraph {\"style\":{\"typography\":{\"textAlign\":\"center\"}},\"fontSize\":\"medium\"} --><\/p>\n<h4 class=\"has-text-align-center has-medium-font-size\" style=\"text-align: left;\"><strong><em>Trainingsort:<\/em><\/strong><\/h4>\n<ul>\n<li>Sport- u. Festhalle Radefeld (Landsberger Str. 5)<\/li>\n<\/ul>\n<p><!-- \/wp:paragraph --><!-- wp:paragraph {\"style\":{\"typography\":{\"textAlign\":\"center\"}},\"fontSize\":\"medium\"} --><\/p>\t\t\t\t\t\t\t\t<\/div>\n\t\t\t\t<\/div>\n\t\t\t\t\t<\/div>\n\t\t<\/div>\n\t\t\t\t\t<\/div>\n\t\t<\/section>\n\t\t\t\t<\/div>\n\t\t","protected":false},"excerpt":{"rendered":"<p>Die Ladykracher-Tanzgruppe des Radefelder SV steht f\u00fcr Power, Lebensfreude und beeindruckende B\u00fchnenpr\u00e4senz. Mit viel Energie, Humor und Leidenschaft bringen die T\u00e4nzerinnen moderne Choreografien und starke Auftritte auf die B\u00fchne. Im Training verbinden sich Bewegung, Ausdruck und Teamgeist zu einer motivierenden Gemeinschaft, in der Spa\u00df am Tanzen und Zusammenhalt im Vordergrund stehen. Jede T\u00e4nzerin bringt ihre Pers\u00f6nlichkeit ein und macht die Gruppe einzigartig. Mit ihren mitrei\u00dfenden Auftritten sind die Ladykracher ein echtes Highlight bei Vereinsfesten und Veranstaltungen und zeigen eindrucksvoll, wie vielf\u00e4ltig, lebendig und stark der Radefelder SV ist. Ansprechpartnerin: Andrea Jagen &#8211; 0170 5565731 Trainingszeit: Mittwoch 20:00 Uhr &#8211; 21:00 Uhr Trainingsort: Sport- u. Festhalle Radefeld (Landsberger Str. 5)<\/p>\n<div class=\"pvc_clear\"><\/div>\n<p id=\"pvc_stats_3982\" class=\"pvc_stats all  \" data-element-id=\"3982\" style=\"\"><i class=\"pvc-stats-icon small\" aria-hidden=\"true\"><svg aria-hidden=\"true\" focusable=\"false\" data-prefix=\"far\" data-icon=\"chart-bar\" role=\"img\" xmlns=\"http:\/\/www.w3.org\/2000\/svg\" viewBox=\"0 0 512 512\" class=\"svg-inline--fa fa-chart-bar fa-w-16 fa-2x\"><path fill=\"currentColor\" d=\"M396.8 352h22.4c6.4 0 12.8-6.4 12.8-12.8V108.8c0-6.4-6.4-12.8-12.8-12.8h-22.4c-6.4 0-12.8 6.4-12.8 12.8v230.4c0 6.4 6.4 12.8 12.8 12.8zm-192 0h22.4c6.4 0 12.8-6.4 12.8-12.8V140.8c0-6.4-6.4-12.8-12.8-12.8h-22.4c-6.4 0-12.8 6.4-12.8 12.8v198.4c0 6.4 6.4 12.8 12.8 12.8zm96 0h22.4c6.4 0 12.8-6.4 12.8-12.8V204.8c0-6.4-6.4-12.8-12.8-12.8h-22.4c-6.4 0-12.8 6.4-12.8 12.8v134.4c0 6.4 6.4 12.8 12.8 12.8zM496 400H48V80c0-8.84-7.16-16-16-16H16C7.16 64 0 71.16 0 80v336c0 17.67 14.33 32 32 32h464c8.84 0 16-7.16 16-16v-16c0-8.84-7.16-16-16-16zm-387.2-48h22.4c6.4 0 12.8-6.4 12.8-12.8v-70.4c0-6.4-6.4-12.8-12.8-12.8h-22.4c-6.4 0-12.8 6.4-12.8 12.8v70.4c0 6.4 6.4 12.8 12.8 12.8z\" class=\"\"><\/path><\/svg><\/i> <img decoding=\"async\" width=\"16\" height=\"16\" alt=\"Loading\" src=\"https:\/\/radefeldersv.de\/wp-content\/plugins\/page-views-count\/ajax-loader-2x.gif\" border=0 \/><\/p>\n<div class=\"pvc_clear\"><\/div>\n","protected":false},"author":3,"featured_media":0,"parent":0,"menu_order":0,"comment_status":"closed","ping_status":"closed","template":"","meta":{"footnotes":""},"class_list":["post-3982","page","type-page","status-publish","hentry"],"a3_pvc":{"activated":true,"total_views":65,"today_views":0},"_links":{"self":[{"href":"https:\/\/radefeldersv.de\/index.php?rest_route=\/wp\/v2\/pages\/3982","targetHints":{"allow":["GET"]}}],"collection":[{"href":"https:\/\/radefeldersv.de\/index.php?rest_route=\/wp\/v2\/pages"}],"about":[{"href":"https:\/\/radefeldersv.de\/index.php?rest_route=\/wp\/v2\/types\/page"}],"author":[{"embeddable":true,"href":"https:\/\/radefeldersv.de\/index.php?rest_route=\/wp\/v2\/users\/3"}],"replies":[{"embeddable":true,"href":"https:\/\/radefeldersv.de\/index.php?rest_route=%2Fwp%2Fv2%2Fcomments&post=3982"}],"version-history":[{"count":5,"href":"https:\/\/radefeldersv.de\/index.php?rest_route=\/wp\/v2\/pages\/3982\/revisions"}],"predecessor-version":[{"id":4154,"href":"https:\/\/radefeldersv.de\/index.php?rest_route=\/wp\/v2\/pages\/3982\/revisions\/4154"}],"wp:attachment":[{"href":"https:\/\/radefeldersv.de\/index.php?rest_route=%2Fwp%2Fv2%2Fmedia&parent=3982"}],"curies":[{"name":"wp","href":"https:\/\/api.w.org\/{rel}","templated":true}]}}

<div data-elementor-type="wp-page" data-elementor-id="3982" class="elementor elementor-3982">
						<section class="elementor-section elementor-top-section elementor-element elementor-element-4cbd66bb elementor-section-boxed elementor-section-height-default elementor-section-height-default" data-id="4cbd66bb" data-element_type="section" data-e-type="section">
						<div class="elementor-container elementor-column-gap-default">
					<div class="elementor-column elementor-col-100 elementor-top-column elementor-element elementor-element-61c7cb49" data-id="61c7cb49" data-element_type="column" data-e-type="column">
			<div class="elementor-widget-wrap elementor-element-populated">
						<div class="elementor-element elementor-element-24121f3b elementor-widget elementor-widget-text-editor" data-id="24121f3b" data-element_type="widget" data-e-type="widget" data-widget_type="text-editor.default">
				<div class="elementor-widget-container">
									
<p class="has-text-align-center wp-block-paragraph">Die Ladykracher-Tanzgruppe des Radefelder SV steht für Power, Lebensfreude und beeindruckende Bühnenpräsenz. Mit viel Energie, Humor und Leidenschaft bringen die Tänzerinnen moderne Choreografien und starke Auftritte auf die Bühne.</p>

<p class="has-text-align-center wp-block-paragraph">Im Training verbinden sich Bewegung, Ausdruck und Teamgeist zu einer motivierenden Gemeinschaft, in der Spaß am Tanzen und Zusammenhalt im Vordergrund stehen. Jede Tänzerin bringt ihre Persönlichkeit ein und macht die Gruppe einzigartig.</p>

<p class="has-text-align-center wp-block-paragraph">Mit ihren mitreißenden Auftritten sind die Ladykracher ein echtes Highlight bei Vereinsfesten und Veranstaltungen und zeigen eindrucksvoll, wie vielfältig, lebendig und stark der Radefelder SV ist.</p>
								</div>
				</div>
					</div>
		</div>
					</div>
		</section>
				<section class="elementor-section elementor-top-section elementor-element elementor-element-4471e84 elementor-section-boxed elementor-section-height-default elementor-section-height-default" data-id="4471e84" data-element_type="section" data-e-type="section">
						<div class="elementor-container elementor-column-gap-default">
					<div class="elementor-column elementor-col-100 elementor-top-column elementor-element elementor-element-9051aa4" data-id="9051aa4" data-element_type="column" data-e-type="column">
			<div class="elementor-widget-wrap elementor-element-populated">
						<div class="elementor-element elementor-element-cb2a2a3 elementor-widget-divider--view-line elementor-widget elementor-widget-divider" data-id="cb2a2a3" data-element_type="widget" data-e-type="widget" data-widget_type="divider.default">
				<div class="elementor-widget-container">
							<div class="elementor-divider">
			<span class="elementor-divider-separator">
						</span>
		</div>
						</div>
				</div>
					</div>
		</div>
					</div>
		</section>
				<section class="elementor-section elementor-top-section elementor-element elementor-element-9928c8d elementor-section-boxed elementor-section-height-default elementor-section-height-default" data-id="9928c8d" data-element_type="section" data-e-type="section">
						<div class="elementor-container elementor-column-gap-default">
					<div class="elementor-column elementor-col-100 elementor-top-column elementor-element elementor-element-ec5d9ca" data-id="ec5d9ca" data-element_type="column" data-e-type="column">
			<div class="elementor-widget-wrap elementor-element-populated">
						<div class="elementor-element elementor-element-1b0855b elementor-widget elementor-widget-text-editor" data-id="1b0855b" data-element_type="widget" data-e-type="widget" data-widget_type="text-editor.default">
				<div class="elementor-widget-container">
									<h4 class="has-text-align-center has-medium-font-size" style="text-align: left;"><strong><em>Ansprechpartnerin:</em></strong></h4>
<ul>
<li>Andrea Jagen &#8211; 0170 5565731</li>
</ul>
<h4 class="has-text-align-center has-medium-font-size" style="text-align: left;"><strong><em>Trainingszeit:</em></strong></h4>
<ul>
<li>Mittwoch 20:00 Uhr &#8211; 21:00 Uhr</li>
</ul>
<p style="text-align: left;"><!-- /wp:paragraph --><!-- wp:paragraph {"style":{"typography":{"textAlign":"center"}},"fontSize":"medium"} --></p>
<h4 class="has-text-align-center has-medium-font-size" style="text-align: left;"><strong><em>Trainingsort:</em></strong></h4>
<ul>
<li>Sport- u. Festhalle Radefeld (Landsberger Str. 5)</li>
</ul>
<p><!-- /wp:paragraph --><!-- wp:paragraph {"style":{"typography":{"textAlign":"center"}},"fontSize":"medium"} --></p>								</div>
				</div>
					</div>
		</div>
					</div>
		</section>
				</div>

<p>Die Ladykracher-Tanzgruppe des Radefelder SV steht für Power, Lebensfreude und beeindruckende Bühnenpräsenz. Mit viel Energie, Humor und Leidenschaft bringen die Tänzerinnen moderne Choreografien und starke Auftritte auf die Bühne. Im Training verbinden sich Bewegung, Ausdruck und Teamgeist zu einer motivierenden Gemeinschaft, in der Spaß am Tanzen und Zusammenhalt im Vordergrund stehen. Jede Tänzerin bringt ihre Persönlichkeit ein und macht die Gruppe einzigartig. Mit ihren mitreißenden Auftritten sind die Ladykracher ein echtes Highlight bei Vereinsfesten und Veranstaltungen und zeigen eindrucksvoll, wie vielfältig, lebendig und stark der Radefelder SV ist. Ansprechpartnerin: Andrea Jagen &#8211; 0170 5565731 Trainingszeit: Mittwoch 20:00 Uhr &#8211; 21:00 Uhr Trainingsort: Sport- u. Festhalle Radefeld (Landsberger Str. 5)</p>
<div class="pvc_clear"></div>
<p id="pvc_stats_3982" class="pvc_stats all  " data-element-id="3982" style=""><i class="pvc-stats-icon small" aria-hidden="true"><svg aria-hidden="true" focusable="false" data-prefix="far" data-icon="chart-bar" role="img" xmlns="http://www.w3.org/2000/svg" viewBox="0 0 512 512" class="svg-inline--fa fa-chart-bar fa-w-16 fa-2x"><path fill="currentColor" d="M396.8 352h22.4c6.4 0 12.8-6.4 12.8-12.8V108.8c0-6.4-6.4-12.8-12.8-12.8h-22.4c-6.4 0-12.8 6.4-12.8 12.8v230.4c0 6.4 6.4 12.8 12.8 12.8zm-192 0h22.4c6.4 0 12.8-6.4 12.8-12.8V140.8c0-6.4-6.4-12.8-12.8-12.8h-22.4c-6.4 0-12.8 6.4-12.8 12.8v198.4c0 6.4 6.4 12.8 12.8 12.8zm96 0h22.4c6.4 0 12.8-6.4 12.8-12.8V204.8c0-6.4-6.4-12.8-12.8-12.8h-22.4c-6.4 0-12.8 6.4-12.8 12.8v134.4c0 6.4 6.4 12.8 12.8 12.8zM496 400H48V80c0-8.84-7.16-16-16-16H16C7.16 64 0 71.16 0 80v336c0 17.67 14.33 32 32 32h464c8.84 0 16-7.16 16-16v-16c0-8.84-7.16-16-16-16zm-387.2-48h22.4c6.4 0 12.8-6.4 12.8-12.8v-70.4c0-6.4-6.4-12.8-12.8-12.8h-22.4c-6.4 0-12.8 6.4-12.8 12.8v70.4c0 6.4 6.4 12.8 12.8 12.8z" class=""></path></svg></i> <img decoding="async" width="16" height="16" alt="Loading" src="https://radefeldersv.de/wp-content/plugins/page-views-count/ajax-loader-2x.gif" border=0 /></p>
<div class="pvc_clear"></div>
