{"id":3968,"date":"2026-01-14T11:55:21","date_gmt":"2026-01-14T09:55:21","guid":{"rendered":"https:\/\/radefeldersv.de\/?page_id=3968"},"modified":"2026-08-13T19:54:09","modified_gmt":"2026-08-13T17:54:09","slug":"line-dance","status":"publish","type":"page","link":"https:\/\/radefeldersv.de\/?page_id=3968","title":{"rendered":"Line-Dance"},"content":{"rendered":"\t\t<div data-elementor-type=\"wp-page\" data-elementor-id=\"3968\" class=\"elementor elementor-3968\">\n\t\t\t\t\t\t<section class=\"elementor-section elementor-top-section elementor-element elementor-element-1dd7adee elementor-section-boxed elementor-section-height-default elementor-section-height-default\" data-id=\"1dd7adee\" data-element_type=\"section\" data-e-type=\"section\">\n\t\t\t\t\t\t<div class=\"elementor-container elementor-column-gap-default\">\n\t\t\t\t\t<div class=\"elementor-column elementor-col-100 elementor-top-column elementor-element elementor-element-d747284\" data-id=\"d747284\" data-element_type=\"column\" data-e-type=\"column\">\n\t\t\t<div class=\"elementor-widget-wrap elementor-element-populated\">\n\t\t\t\t\t\t<div class=\"elementor-element elementor-element-27b11934 elementor-widget elementor-widget-text-editor\" data-id=\"27b11934\" data-element_type=\"widget\" data-e-type=\"widget\" data-widget_type=\"text-editor.default\">\n\t\t\t\t<div class=\"elementor-widget-container\">\n\t\t\t\t\t\t\t\t\t\n<p class=\"has-text-align-center wp-block-paragraph\">Die Line-Dance-Gruppe des Radefelder SV verbindet Musik, Bewegung und Gemeinschaft auf ganz besondere Weise. In festen Schrittfolgen tanzen die Teilnehmerinnen und Teilnehmer gemeinsam im Takt \u2013 mit viel Freude, Rhythmusgef\u00fchl und Spa\u00df an der Bewegung.<\/p>\n\n<p class=\"has-text-align-center wp-block-paragraph\">Das Training f\u00f6rdert Koordination, Konzentration und Ausdauer und ist dabei f\u00fcr alle Altersgruppen geeignet. Besonders der Zusammenhalt und die gute Stimmung machen Line Dance zu einem beliebten Angebot im Verein.<\/p>\n\n<p class=\"has-text-align-center wp-block-paragraph\">Bei Auftritten und Vereinsveranstaltungen sorgt die Line-Dance-Gruppe regelm\u00e4\u00dfig f\u00fcr Begeisterung und zeigt, wie vielseitig und lebendig das Vereinsleben im Radefelder SV ist.<\/p>\n\t\t\t\t\t\t\t\t<\/div>\n\t\t\t\t<\/div>\n\t\t\t\t\t<\/div>\n\t\t<\/div>\n\t\t\t\t\t<\/div>\n\t\t<\/section>\n\t\t\t\t<section class=\"elementor-section elementor-top-section elementor-element elementor-element-54ca034 elementor-section-boxed elementor-section-height-default elementor-section-height-default\" data-id=\"54ca034\" data-element_type=\"section\" data-e-type=\"section\">\n\t\t\t\t\t\t<div class=\"elementor-container elementor-column-gap-default\">\n\t\t\t\t\t<div class=\"elementor-column elementor-col-100 elementor-top-column elementor-element elementor-element-4971dd0\" data-id=\"4971dd0\" data-element_type=\"column\" data-e-type=\"column\">\n\t\t\t<div class=\"elementor-widget-wrap elementor-element-populated\">\n\t\t\t\t\t\t<div class=\"elementor-element elementor-element-cfc3d5d elementor-widget-divider--view-line elementor-widget elementor-widget-divider\" data-id=\"cfc3d5d\" data-element_type=\"widget\" data-e-type=\"widget\" data-widget_type=\"divider.default\">\n\t\t\t\t<div class=\"elementor-widget-container\">\n\t\t\t\t\t\t\t<div class=\"elementor-divider\">\n\t\t\t<span class=\"elementor-divider-separator\">\n\t\t\t\t\t\t<\/span>\n\t\t<\/div>\n\t\t\t\t\t\t<\/div>\n\t\t\t\t<\/div>\n\t\t\t\t\t<\/div>\n\t\t<\/div>\n\t\t\t\t\t<\/div>\n\t\t<\/section>\n\t\t\t\t<section class=\"elementor-section elementor-top-section elementor-element elementor-element-2e5a824 elementor-section-boxed elementor-section-height-default elementor-section-height-default\" data-id=\"2e5a824\" data-element_type=\"section\" data-e-type=\"section\">\n\t\t\t\t\t\t<div class=\"elementor-container elementor-column-gap-default\">\n\t\t\t\t\t<div class=\"elementor-column elementor-col-100 elementor-top-column elementor-element elementor-element-4f3d2db\" data-id=\"4f3d2db\" data-element_type=\"column\" data-e-type=\"column\">\n\t\t\t<div class=\"elementor-widget-wrap elementor-element-populated\">\n\t\t\t\t\t\t<div class=\"elementor-element elementor-element-0a8e6da elementor-widget elementor-widget-text-editor\" data-id=\"0a8e6da\" data-element_type=\"widget\" data-e-type=\"widget\" data-widget_type=\"text-editor.default\">\n\t\t\t\t<div class=\"elementor-widget-container\">\n\t\t\t\t\t\t\t\t\t<h4 class=\"has-text-align-center has-medium-font-size\" style=\"text-align: left;\"><strong><em>Ansprechpartnerinnen:<\/em><\/strong><\/h4>\n<ul style=\"text-align: left;\">\n<li>Gudrun B\u00f6hme &#8211; 0155 69209183<\/li>\n<li>Jaqueline B\u00f6hme &#8211; 0177 4423887<\/li>\n<\/ul>\n<h4 class=\"has-text-align-center has-medium-font-size\" style=\"text-align: left;\"><strong><em>Trainingszeiten:<\/em><\/strong><\/h4>\n<ul>\n<li>Mittwoch 18:30 Uhr &#8211; 20:00 Uhr<\/li>\n<li>Freitag 17:00 Uhr &#8211; 18:30 Uhr<\/li>\n<\/ul>\n<p style=\"text-align: left;\"><!-- \/wp:paragraph --><!-- wp:paragraph {\"style\":{\"typography\":{\"textAlign\":\"center\"}},\"fontSize\":\"medium\"} --><\/p>\n<h4 class=\"has-text-align-center has-medium-font-size\" style=\"text-align: left;\"><strong><em>Trainingsort:<\/em><\/strong><\/h4>\n<ul>\n<li>Sport- u. Festhalle Radefeld (Landsberger Str. 5)<\/li>\n<\/ul>\n<p><!-- \/wp:paragraph --><!-- wp:paragraph {\"style\":{\"typography\":{\"textAlign\":\"center\"}},\"fontSize\":\"medium\"} --><\/p>\t\t\t\t\t\t\t\t<\/div>\n\t\t\t\t<\/div>\n\t\t\t\t\t<\/div>\n\t\t<\/div>\n\t\t\t\t\t<\/div>\n\t\t<\/section>\n\t\t\t\t<\/div>\n\t\t","protected":false},"excerpt":{"rendered":"<p>Die Line-Dance-Gruppe des Radefelder SV verbindet Musik, Bewegung und Gemeinschaft auf ganz besondere Weise. In festen Schrittfolgen tanzen die Teilnehmerinnen und Teilnehmer gemeinsam im Takt \u2013 mit viel Freude, Rhythmusgef\u00fchl und Spa\u00df an der Bewegung. Das Training f\u00f6rdert Koordination, Konzentration und Ausdauer und ist dabei f\u00fcr alle Altersgruppen geeignet. Besonders der Zusammenhalt und die gute Stimmung machen Line Dance zu einem beliebten Angebot im Verein. Bei Auftritten und Vereinsveranstaltungen sorgt die Line-Dance-Gruppe regelm\u00e4\u00dfig f\u00fcr Begeisterung und zeigt, wie vielseitig und lebendig das Vereinsleben im Radefelder SV ist. Ansprechpartnerinnen: Gudrun B\u00f6hme &#8211; 0155 69209183 Jaqueline B\u00f6hme &#8211; 0177 4423887 Trainingszeiten: Mittwoch 18:30 Uhr &#8211; 20:00 Uhr Freitag 17:00 Uhr &#8211; 18:30 Uhr Trainingsort: Sport- u. Festhalle Radefeld (Landsberger Str. 5)<\/p>\n<div class=\"pvc_clear\"><\/div>\n<p id=\"pvc_stats_3968\" class=\"pvc_stats all  \" data-element-id=\"3968\" style=\"\"><i class=\"pvc-stats-icon small\" aria-hidden=\"true\"><svg aria-hidden=\"true\" focusable=\"false\" data-prefix=\"far\" data-icon=\"chart-bar\" role=\"img\" xmlns=\"http:\/\/www.w3.org\/2000\/svg\" viewBox=\"0 0 512 512\" class=\"svg-inline--fa fa-chart-bar fa-w-16 fa-2x\"><path fill=\"currentColor\" d=\"M396.8 352h22.4c6.4 0 12.8-6.4 12.8-12.8V108.8c0-6.4-6.4-12.8-12.8-12.8h-22.4c-6.4 0-12.8 6.4-12.8 12.8v230.4c0 6.4 6.4 12.8 12.8 12.8zm-192 0h22.4c6.4 0 12.8-6.4 12.8-12.8V140.8c0-6.4-6.4-12.8-12.8-12.8h-22.4c-6.4 0-12.8 6.4-12.8 12.8v198.4c0 6.4 6.4 12.8 12.8 12.8zm96 0h22.4c6.4 0 12.8-6.4 12.8-12.8V204.8c0-6.4-6.4-12.8-12.8-12.8h-22.4c-6.4 0-12.8 6.4-12.8 12.8v134.4c0 6.4 6.4 12.8 12.8 12.8zM496 400H48V80c0-8.84-7.16-16-16-16H16C7.16 64 0 71.16 0 80v336c0 17.67 14.33 32 32 32h464c8.84 0 16-7.16 16-16v-16c0-8.84-7.16-16-16-16zm-387.2-48h22.4c6.4 0 12.8-6.4 12.8-12.8v-70.4c0-6.4-6.4-12.8-12.8-12.8h-22.4c-6.4 0-12.8 6.4-12.8 12.8v70.4c0 6.4 6.4 12.8 12.8 12.8z\" class=\"\"><\/path><\/svg><\/i> <img decoding=\"async\" width=\"16\" height=\"16\" alt=\"Loading\" src=\"https:\/\/radefeldersv.de\/wp-content\/plugins\/page-views-count\/ajax-loader-2x.gif\" border=0 \/><\/p>\n<div class=\"pvc_clear\"><\/div>\n","protected":false},"author":3,"featured_media":3969,"parent":0,"menu_order":0,"comment_status":"closed","ping_status":"closed","template":"","meta":{"footnotes":""},"class_list":["post-3968","page","type-page","status-publish","has-post-thumbnail","hentry"],"a3_pvc":{"activated":true,"total_views":74,"today_views":0},"_links":{"self":[{"href":"https:\/\/radefeldersv.de\/index.php?rest_route=\/wp\/v2\/pages\/3968","targetHints":{"allow":["GET"]}}],"collection":[{"href":"https:\/\/radefeldersv.de\/index.php?rest_route=\/wp\/v2\/pages"}],"about":[{"href":"https:\/\/radefeldersv.de\/index.php?rest_route=\/wp\/v2\/types\/page"}],"author":[{"embeddable":true,"href":"https:\/\/radefeldersv.de\/index.php?rest_route=\/wp\/v2\/users\/3"}],"replies":[{"embeddable":true,"href":"https:\/\/radefeldersv.de\/index.php?rest_route=%2Fwp%2Fv2%2Fcomments&post=3968"}],"version-history":[{"count":5,"href":"https:\/\/radefeldersv.de\/index.php?rest_route=\/wp\/v2\/pages\/3968\/revisions"}],"predecessor-version":[{"id":4149,"href":"https:\/\/radefeldersv.de\/index.php?rest_route=\/wp\/v2\/pages\/3968\/revisions\/4149"}],"wp:featuredmedia":[{"embeddable":true,"href":"https:\/\/radefeldersv.de\/index.php?rest_route=\/wp\/v2\/media\/3969"}],"wp:attachment":[{"href":"https:\/\/radefeldersv.de\/index.php?rest_route=%2Fwp%2Fv2%2Fmedia&parent=3968"}],"curies":[{"name":"wp","href":"https:\/\/api.w.org\/{rel}","templated":true}]}}

<div data-elementor-type="wp-page" data-elementor-id="3968" class="elementor elementor-3968">
						<section class="elementor-section elementor-top-section elementor-element elementor-element-1dd7adee elementor-section-boxed elementor-section-height-default elementor-section-height-default" data-id="1dd7adee" data-element_type="section" data-e-type="section">
						<div class="elementor-container elementor-column-gap-default">
					<div class="elementor-column elementor-col-100 elementor-top-column elementor-element elementor-element-d747284" data-id="d747284" data-element_type="column" data-e-type="column">
			<div class="elementor-widget-wrap elementor-element-populated">
						<div class="elementor-element elementor-element-27b11934 elementor-widget elementor-widget-text-editor" data-id="27b11934" data-element_type="widget" data-e-type="widget" data-widget_type="text-editor.default">
				<div class="elementor-widget-container">
									
<p class="has-text-align-center wp-block-paragraph">Die Line-Dance-Gruppe des Radefelder SV verbindet Musik, Bewegung und Gemeinschaft auf ganz besondere Weise. In festen Schrittfolgen tanzen die Teilnehmerinnen und Teilnehmer gemeinsam im Takt – mit viel Freude, Rhythmusgefühl und Spaß an der Bewegung.</p>

<p class="has-text-align-center wp-block-paragraph">Das Training fördert Koordination, Konzentration und Ausdauer und ist dabei für alle Altersgruppen geeignet. Besonders der Zusammenhalt und die gute Stimmung machen Line Dance zu einem beliebten Angebot im Verein.</p>

<p class="has-text-align-center wp-block-paragraph">Bei Auftritten und Vereinsveranstaltungen sorgt die Line-Dance-Gruppe regelmäßig für Begeisterung und zeigt, wie vielseitig und lebendig das Vereinsleben im Radefelder SV ist.</p>
								</div>
				</div>
					</div>
		</div>
					</div>
		</section>
				<section class="elementor-section elementor-top-section elementor-element elementor-element-54ca034 elementor-section-boxed elementor-section-height-default elementor-section-height-default" data-id="54ca034" data-element_type="section" data-e-type="section">
						<div class="elementor-container elementor-column-gap-default">
					<div class="elementor-column elementor-col-100 elementor-top-column elementor-element elementor-element-4971dd0" data-id="4971dd0" data-element_type="column" data-e-type="column">
			<div class="elementor-widget-wrap elementor-element-populated">
						<div class="elementor-element elementor-element-cfc3d5d elementor-widget-divider--view-line elementor-widget elementor-widget-divider" data-id="cfc3d5d" data-element_type="widget" data-e-type="widget" data-widget_type="divider.default">
				<div class="elementor-widget-container">
							<div class="elementor-divider">
			<span class="elementor-divider-separator">
						</span>
		</div>
						</div>
				</div>
					</div>
		</div>
					</div>
		</section>
				<section class="elementor-section elementor-top-section elementor-element elementor-element-2e5a824 elementor-section-boxed elementor-section-height-default elementor-section-height-default" data-id="2e5a824" data-element_type="section" data-e-type="section">
						<div class="elementor-container elementor-column-gap-default">
					<div class="elementor-column elementor-col-100 elementor-top-column elementor-element elementor-element-4f3d2db" data-id="4f3d2db" data-element_type="column" data-e-type="column">
			<div class="elementor-widget-wrap elementor-element-populated">
						<div class="elementor-element elementor-element-0a8e6da elementor-widget elementor-widget-text-editor" data-id="0a8e6da" data-element_type="widget" data-e-type="widget" data-widget_type="text-editor.default">
				<div class="elementor-widget-container">
									<h4 class="has-text-align-center has-medium-font-size" style="text-align: left;"><strong><em>Ansprechpartnerinnen:</em></strong></h4>
<ul style="text-align: left;">
<li>Gudrun Böhme &#8211; 0155 69209183</li>
<li>Jaqueline Böhme &#8211; 0177 4423887</li>
</ul>
<h4 class="has-text-align-center has-medium-font-size" style="text-align: left;"><strong><em>Trainingszeiten:</em></strong></h4>
<ul>
<li>Mittwoch 18:30 Uhr &#8211; 20:00 Uhr</li>
<li>Freitag 17:00 Uhr &#8211; 18:30 Uhr</li>
</ul>
<p style="text-align: left;"><!-- /wp:paragraph --><!-- wp:paragraph {"style":{"typography":{"textAlign":"center"}},"fontSize":"medium"} --></p>
<h4 class="has-text-align-center has-medium-font-size" style="text-align: left;"><strong><em>Trainingsort:</em></strong></h4>
<ul>
<li>Sport- u. Festhalle Radefeld (Landsberger Str. 5)</li>
</ul>
<p><!-- /wp:paragraph --><!-- wp:paragraph {"style":{"typography":{"textAlign":"center"}},"fontSize":"medium"} --></p>								</div>
				</div>
					</div>
		</div>
					</div>
		</section>
				</div>

<p>Die Line-Dance-Gruppe des Radefelder SV verbindet Musik, Bewegung und Gemeinschaft auf ganz besondere Weise. In festen Schrittfolgen tanzen die Teilnehmerinnen und Teilnehmer gemeinsam im Takt – mit viel Freude, Rhythmusgefühl und Spaß an der Bewegung. Das Training fördert Koordination, Konzentration und Ausdauer und ist dabei für alle Altersgruppen geeignet. Besonders der Zusammenhalt und die gute Stimmung machen Line Dance zu einem beliebten Angebot im Verein. Bei Auftritten und Vereinsveranstaltungen sorgt die Line-Dance-Gruppe regelmäßig für Begeisterung und zeigt, wie vielseitig und lebendig das Vereinsleben im Radefelder SV ist. Ansprechpartnerinnen: Gudrun Böhme &#8211; 0155 69209183 Jaqueline Böhme &#8211; 0177 4423887 Trainingszeiten: Mittwoch 18:30 Uhr &#8211; 20:00 Uhr Freitag 17:00 Uhr &#8211; 18:30 Uhr Trainingsort: Sport- u. Festhalle Radefeld (Landsberger Str. 5)</p>
<div class="pvc_clear"></div>
<p id="pvc_stats_3968" class="pvc_stats all  " data-element-id="3968" style=""><i class="pvc-stats-icon small" aria-hidden="true"><svg aria-hidden="true" focusable="false" data-prefix="far" data-icon="chart-bar" role="img" xmlns="http://www.w3.org/2000/svg" viewBox="0 0 512 512" class="svg-inline--fa fa-chart-bar fa-w-16 fa-2x"><path fill="currentColor" d="M396.8 352h22.4c6.4 0 12.8-6.4 12.8-12.8V108.8c0-6.4-6.4-12.8-12.8-12.8h-22.4c-6.4 0-12.8 6.4-12.8 12.8v230.4c0 6.4 6.4 12.8 12.8 12.8zm-192 0h22.4c6.4 0 12.8-6.4 12.8-12.8V140.8c0-6.4-6.4-12.8-12.8-12.8h-22.4c-6.4 0-12.8 6.4-12.8 12.8v198.4c0 6.4 6.4 12.8 12.8 12.8zm96 0h22.4c6.4 0 12.8-6.4 12.8-12.8V204.8c0-6.4-6.4-12.8-12.8-12.8h-22.4c-6.4 0-12.8 6.4-12.8 12.8v134.4c0 6.4 6.4 12.8 12.8 12.8zM496 400H48V80c0-8.84-7.16-16-16-16H16C7.16 64 0 71.16 0 80v336c0 17.67 14.33 32 32 32h464c8.84 0 16-7.16 16-16v-16c0-8.84-7.16-16-16-16zm-387.2-48h22.4c6.4 0 12.8-6.4 12.8-12.8v-70.4c0-6.4-6.4-12.8-12.8-12.8h-22.4c-6.4 0-12.8 6.4-12.8 12.8v70.4c0 6.4 6.4 12.8 12.8 12.8z" class=""></path></svg></i> <img decoding="async" width="16" height="16" alt="Loading" src="https://radefeldersv.de/wp-content/plugins/page-views-count/ajax-loader-2x.gif" border=0 /></p>
<div class="pvc_clear"></div>
