{"id":3949,"date":"2026-01-14T10:35:24","date_gmt":"2026-01-14T08:35:24","guid":{"rendered":"https:\/\/radefeldersv.de\/?page_id=3949"},"modified":"2026-08-13T19:42:14","modified_gmt":"2026-08-13T17:42:14","slug":"jackson-girls","status":"publish","type":"page","link":"https:\/\/radefeldersv.de\/?page_id=3949","title":{"rendered":"Jackson-Girls"},"content":{"rendered":"\t\t<div data-elementor-type=\"wp-page\" data-elementor-id=\"3949\" class=\"elementor elementor-3949\">\n\t\t\t\t\t\t<section class=\"elementor-section elementor-top-section elementor-element elementor-element-54a45b57 elementor-section-boxed elementor-section-height-default elementor-section-height-default\" data-id=\"54a45b57\" data-element_type=\"section\" data-e-type=\"section\">\n\t\t\t\t\t\t<div class=\"elementor-container elementor-column-gap-default\">\n\t\t\t\t\t<div class=\"elementor-column elementor-col-100 elementor-top-column elementor-element elementor-element-5e454d94\" data-id=\"5e454d94\" data-element_type=\"column\" data-e-type=\"column\">\n\t\t\t<div class=\"elementor-widget-wrap elementor-element-populated\">\n\t\t\t\t\t\t<div class=\"elementor-element elementor-element-82aff4a elementor-widget elementor-widget-text-editor\" data-id=\"82aff4a\" data-element_type=\"widget\" data-e-type=\"widget\" data-widget_type=\"text-editor.default\">\n\t\t\t\t<div class=\"elementor-widget-container\">\n\t\t\t\t\t\t\t\t\t\n<p class=\"has-text-align-center wp-block-paragraph\">Die Jugendtanzgruppe des Radefelder SV steht f\u00fcr Energie, Kreativit\u00e4t und starken Zusammenhalt.<br \/>Hier finden Jugendliche im Alter von 12 bis 18 Jahren einen Raum, um sich t\u00e4nzerisch auszudr\u00fccken, neue Choreografien zu erlernen und gemeinsam Spa\u00df an Musik und Bewegung zu haben.<\/p>\n\n<p class=\"has-text-align-center wp-block-paragraph\">Neben Technik und Rhythmusgef\u00fchl werden vor allem Teamgeist, Selbstvertrauen und ein sicheres Auftreten gef\u00f6rdert. Unter der engagierten Anleitung der Trainerinnen und Trainer entsteht eine motivierende Atmosph\u00e4re, in der jede und jeder willkommen ist.<\/p>\n\n<p class=\"has-text-align-center wp-block-paragraph\">Mit ihren Auftritten bei Vereinsfesten und Veranstaltungen bereichert die Jugendtanzgruppe das Vereinsleben und repr\u00e4sentiert den Radefelder SV mit Stolz, Leidenschaft und Begeisterung.<\/p>\n\t\t\t\t\t\t\t\t<\/div>\n\t\t\t\t<\/div>\n\t\t\t\t\t<\/div>\n\t\t<\/div>\n\t\t\t\t\t<\/div>\n\t\t<\/section>\n\t\t\t\t<section class=\"elementor-section elementor-top-section elementor-element elementor-element-e55a9b0 elementor-section-boxed elementor-section-height-default elementor-section-height-default\" data-id=\"e55a9b0\" data-element_type=\"section\" data-e-type=\"section\">\n\t\t\t\t\t\t<div class=\"elementor-container elementor-column-gap-default\">\n\t\t\t\t\t<div class=\"elementor-column elementor-col-100 elementor-top-column elementor-element elementor-element-95ea8a9\" data-id=\"95ea8a9\" data-element_type=\"column\" data-e-type=\"column\">\n\t\t\t<div class=\"elementor-widget-wrap elementor-element-populated\">\n\t\t\t\t\t\t<div class=\"elementor-element elementor-element-a813b1d elementor-widget-divider--view-line elementor-widget elementor-widget-divider\" data-id=\"a813b1d\" data-element_type=\"widget\" data-e-type=\"widget\" data-widget_type=\"divider.default\">\n\t\t\t\t<div class=\"elementor-widget-container\">\n\t\t\t\t\t\t\t<div class=\"elementor-divider\">\n\t\t\t<span class=\"elementor-divider-separator\">\n\t\t\t\t\t\t<\/span>\n\t\t<\/div>\n\t\t\t\t\t\t<\/div>\n\t\t\t\t<\/div>\n\t\t\t\t\t<\/div>\n\t\t<\/div>\n\t\t\t\t\t<\/div>\n\t\t<\/section>\n\t\t\t\t<section class=\"elementor-section elementor-top-section elementor-element elementor-element-1d25249 elementor-section-boxed elementor-section-height-default elementor-section-height-default\" data-id=\"1d25249\" data-element_type=\"section\" data-e-type=\"section\">\n\t\t\t\t\t\t<div class=\"elementor-container elementor-column-gap-default\">\n\t\t\t\t\t<div class=\"elementor-column elementor-col-100 elementor-top-column elementor-element elementor-element-4d7e46e\" data-id=\"4d7e46e\" data-element_type=\"column\" data-e-type=\"column\">\n\t\t\t<div class=\"elementor-widget-wrap elementor-element-populated\">\n\t\t\t\t\t\t<div class=\"elementor-element elementor-element-788d16f elementor-widget elementor-widget-text-editor\" data-id=\"788d16f\" data-element_type=\"widget\" data-e-type=\"widget\" data-widget_type=\"text-editor.default\">\n\t\t\t\t<div class=\"elementor-widget-container\">\n\t\t\t\t\t\t\t\t\t<h4 class=\"has-text-align-center has-medium-font-size\" style=\"text-align: left;\"><strong><em>Ansprechpartnerinnen:<\/em><\/strong><\/h4>\n<ul>\n<li>Joline Sander &#8211; 0151 56000263<\/li>\n<li>Christiane Bielig &#8211; 0174 9185697<\/li>\n<\/ul>\n<h4 class=\"has-text-align-center has-medium-font-size\" style=\"text-align: left;\"><strong><em>Trainingszeit:<\/em><\/strong><\/h4>\n<ul>\n<li>Mittwoch 17:00 Uhr &#8211; 18:30 Uhr<\/li>\n<\/ul>\n<p style=\"text-align: left;\"><!-- \/wp:paragraph --><!-- wp:paragraph {\"style\":{\"typography\":{\"textAlign\":\"center\"}},\"fontSize\":\"medium\"} --><\/p>\n<h4 class=\"has-text-align-center has-medium-font-size\" style=\"text-align: left;\"><strong><em>Trainingsort:<\/em><\/strong><\/h4>\n<ul>\n<li>Sport- u. Festhalle Radefeld (Landsberger Str. 5)<\/li>\n<\/ul>\n<p><!-- \/wp:paragraph --><!-- wp:paragraph {\"style\":{\"typography\":{\"textAlign\":\"center\"}},\"fontSize\":\"medium\"} --><\/p>\t\t\t\t\t\t\t\t<\/div>\n\t\t\t\t<\/div>\n\t\t\t\t\t<\/div>\n\t\t<\/div>\n\t\t\t\t\t<\/div>\n\t\t<\/section>\n\t\t\t\t<\/div>\n\t\t","protected":false},"excerpt":{"rendered":"<p>Die Jugendtanzgruppe des Radefelder SV steht f\u00fcr Energie, Kreativit\u00e4t und starken Zusammenhalt.Hier finden Jugendliche im Alter von 12 bis 18 Jahren einen Raum, um sich t\u00e4nzerisch auszudr\u00fccken, neue Choreografien zu erlernen und gemeinsam Spa\u00df an Musik und Bewegung zu haben. Neben Technik und Rhythmusgef\u00fchl werden vor allem Teamgeist, Selbstvertrauen und ein sicheres Auftreten gef\u00f6rdert. Unter der engagierten Anleitung der Trainerinnen und Trainer entsteht eine motivierende Atmosph\u00e4re, in der jede und jeder willkommen ist. Mit ihren Auftritten bei Vereinsfesten und Veranstaltungen bereichert die Jugendtanzgruppe das Vereinsleben und repr\u00e4sentiert den Radefelder SV mit Stolz, Leidenschaft und Begeisterung. Ansprechpartnerinnen: Joline Sander &#8211; 0151 56000263 Christiane Bielig &#8211; 0174 9185697 Trainingszeit: Mittwoch 17:00 Uhr &#8211; 18:30 Uhr Trainingsort: Sport- u. Festhalle Radefeld (Landsberger Str. 5)<\/p>\n<div class=\"pvc_clear\"><\/div>\n<p id=\"pvc_stats_3949\" class=\"pvc_stats all  \" data-element-id=\"3949\" style=\"\"><i class=\"pvc-stats-icon small\" aria-hidden=\"true\"><svg aria-hidden=\"true\" focusable=\"false\" data-prefix=\"far\" data-icon=\"chart-bar\" role=\"img\" xmlns=\"http:\/\/www.w3.org\/2000\/svg\" viewBox=\"0 0 512 512\" class=\"svg-inline--fa fa-chart-bar fa-w-16 fa-2x\"><path fill=\"currentColor\" d=\"M396.8 352h22.4c6.4 0 12.8-6.4 12.8-12.8V108.8c0-6.4-6.4-12.8-12.8-12.8h-22.4c-6.4 0-12.8 6.4-12.8 12.8v230.4c0 6.4 6.4 12.8 12.8 12.8zm-192 0h22.4c6.4 0 12.8-6.4 12.8-12.8V140.8c0-6.4-6.4-12.8-12.8-12.8h-22.4c-6.4 0-12.8 6.4-12.8 12.8v198.4c0 6.4 6.4 12.8 12.8 12.8zm96 0h22.4c6.4 0 12.8-6.4 12.8-12.8V204.8c0-6.4-6.4-12.8-12.8-12.8h-22.4c-6.4 0-12.8 6.4-12.8 12.8v134.4c0 6.4 6.4 12.8 12.8 12.8zM496 400H48V80c0-8.84-7.16-16-16-16H16C7.16 64 0 71.16 0 80v336c0 17.67 14.33 32 32 32h464c8.84 0 16-7.16 16-16v-16c0-8.84-7.16-16-16-16zm-387.2-48h22.4c6.4 0 12.8-6.4 12.8-12.8v-70.4c0-6.4-6.4-12.8-12.8-12.8h-22.4c-6.4 0-12.8 6.4-12.8 12.8v70.4c0 6.4 6.4 12.8 12.8 12.8z\" class=\"\"><\/path><\/svg><\/i> <img decoding=\"async\" width=\"16\" height=\"16\" alt=\"Loading\" src=\"https:\/\/radefeldersv.de\/wp-content\/plugins\/page-views-count\/ajax-loader-2x.gif\" border=0 \/><\/p>\n<div class=\"pvc_clear\"><\/div>\n","protected":false},"author":3,"featured_media":3987,"parent":0,"menu_order":0,"comment_status":"closed","ping_status":"closed","template":"","meta":{"footnotes":""},"class_list":["post-3949","page","type-page","status-publish","has-post-thumbnail","hentry"],"a3_pvc":{"activated":true,"total_views":81,"today_views":0},"_links":{"self":[{"href":"https:\/\/radefeldersv.de\/index.php?rest_route=\/wp\/v2\/pages\/3949","targetHints":{"allow":["GET"]}}],"collection":[{"href":"https:\/\/radefeldersv.de\/index.php?rest_route=\/wp\/v2\/pages"}],"about":[{"href":"https:\/\/radefeldersv.de\/index.php?rest_route=\/wp\/v2\/types\/page"}],"author":[{"embeddable":true,"href":"https:\/\/radefeldersv.de\/index.php?rest_route=\/wp\/v2\/users\/3"}],"replies":[{"embeddable":true,"href":"https:\/\/radefeldersv.de\/index.php?rest_route=%2Fwp%2Fv2%2Fcomments&post=3949"}],"version-history":[{"count":8,"href":"https:\/\/radefeldersv.de\/index.php?rest_route=\/wp\/v2\/pages\/3949\/revisions"}],"predecessor-version":[{"id":4134,"href":"https:\/\/radefeldersv.de\/index.php?rest_route=\/wp\/v2\/pages\/3949\/revisions\/4134"}],"wp:featuredmedia":[{"embeddable":true,"href":"https:\/\/radefeldersv.de\/index.php?rest_route=\/wp\/v2\/media\/3987"}],"wp:attachment":[{"href":"https:\/\/radefeldersv.de\/index.php?rest_route=%2Fwp%2Fv2%2Fmedia&parent=3949"}],"curies":[{"name":"wp","href":"https:\/\/api.w.org\/{rel}","templated":true}]}}

<div data-elementor-type="wp-page" data-elementor-id="3949" class="elementor elementor-3949">
						<section class="elementor-section elementor-top-section elementor-element elementor-element-54a45b57 elementor-section-boxed elementor-section-height-default elementor-section-height-default" data-id="54a45b57" data-element_type="section" data-e-type="section">
						<div class="elementor-container elementor-column-gap-default">
					<div class="elementor-column elementor-col-100 elementor-top-column elementor-element elementor-element-5e454d94" data-id="5e454d94" data-element_type="column" data-e-type="column">
			<div class="elementor-widget-wrap elementor-element-populated">
						<div class="elementor-element elementor-element-82aff4a elementor-widget elementor-widget-text-editor" data-id="82aff4a" data-element_type="widget" data-e-type="widget" data-widget_type="text-editor.default">
				<div class="elementor-widget-container">
									
<p class="has-text-align-center wp-block-paragraph">Die Jugendtanzgruppe des Radefelder SV steht für Energie, Kreativität und starken Zusammenhalt.<br />Hier finden Jugendliche im Alter von 12 bis 18 Jahren einen Raum, um sich tänzerisch auszudrücken, neue Choreografien zu erlernen und gemeinsam Spaß an Musik und Bewegung zu haben.</p>

<p class="has-text-align-center wp-block-paragraph">Neben Technik und Rhythmusgefühl werden vor allem Teamgeist, Selbstvertrauen und ein sicheres Auftreten gefördert. Unter der engagierten Anleitung der Trainerinnen und Trainer entsteht eine motivierende Atmosphäre, in der jede und jeder willkommen ist.</p>

<p class="has-text-align-center wp-block-paragraph">Mit ihren Auftritten bei Vereinsfesten und Veranstaltungen bereichert die Jugendtanzgruppe das Vereinsleben und repräsentiert den Radefelder SV mit Stolz, Leidenschaft und Begeisterung.</p>
								</div>
				</div>
					</div>
		</div>
					</div>
		</section>
				<section class="elementor-section elementor-top-section elementor-element elementor-element-e55a9b0 elementor-section-boxed elementor-section-height-default elementor-section-height-default" data-id="e55a9b0" data-element_type="section" data-e-type="section">
						<div class="elementor-container elementor-column-gap-default">
					<div class="elementor-column elementor-col-100 elementor-top-column elementor-element elementor-element-95ea8a9" data-id="95ea8a9" data-element_type="column" data-e-type="column">
			<div class="elementor-widget-wrap elementor-element-populated">
						<div class="elementor-element elementor-element-a813b1d elementor-widget-divider--view-line elementor-widget elementor-widget-divider" data-id="a813b1d" data-element_type="widget" data-e-type="widget" data-widget_type="divider.default">
				<div class="elementor-widget-container">
							<div class="elementor-divider">
			<span class="elementor-divider-separator">
						</span>
		</div>
						</div>
				</div>
					</div>
		</div>
					</div>
		</section>
				<section class="elementor-section elementor-top-section elementor-element elementor-element-1d25249 elementor-section-boxed elementor-section-height-default elementor-section-height-default" data-id="1d25249" data-element_type="section" data-e-type="section">
						<div class="elementor-container elementor-column-gap-default">
					<div class="elementor-column elementor-col-100 elementor-top-column elementor-element elementor-element-4d7e46e" data-id="4d7e46e" data-element_type="column" data-e-type="column">
			<div class="elementor-widget-wrap elementor-element-populated">
						<div class="elementor-element elementor-element-788d16f elementor-widget elementor-widget-text-editor" data-id="788d16f" data-element_type="widget" data-e-type="widget" data-widget_type="text-editor.default">
				<div class="elementor-widget-container">
									<h4 class="has-text-align-center has-medium-font-size" style="text-align: left;"><strong><em>Ansprechpartnerinnen:</em></strong></h4>
<ul>
<li>Joline Sander &#8211; 0151 56000263</li>
<li>Christiane Bielig &#8211; 0174 9185697</li>
</ul>
<h4 class="has-text-align-center has-medium-font-size" style="text-align: left;"><strong><em>Trainingszeit:</em></strong></h4>
<ul>
<li>Mittwoch 17:00 Uhr &#8211; 18:30 Uhr</li>
</ul>
<p style="text-align: left;"><!-- /wp:paragraph --><!-- wp:paragraph {"style":{"typography":{"textAlign":"center"}},"fontSize":"medium"} --></p>
<h4 class="has-text-align-center has-medium-font-size" style="text-align: left;"><strong><em>Trainingsort:</em></strong></h4>
<ul>
<li>Sport- u. Festhalle Radefeld (Landsberger Str. 5)</li>
</ul>
<p><!-- /wp:paragraph --><!-- wp:paragraph {"style":{"typography":{"textAlign":"center"}},"fontSize":"medium"} --></p>								</div>
				</div>
					</div>
		</div>
					</div>
		</section>
				</div>

<p>Die Jugendtanzgruppe des Radefelder SV steht für Energie, Kreativität und starken Zusammenhalt.Hier finden Jugendliche im Alter von 12 bis 18 Jahren einen Raum, um sich tänzerisch auszudrücken, neue Choreografien zu erlernen und gemeinsam Spaß an Musik und Bewegung zu haben. Neben Technik und Rhythmusgefühl werden vor allem Teamgeist, Selbstvertrauen und ein sicheres Auftreten gefördert. Unter der engagierten Anleitung der Trainerinnen und Trainer entsteht eine motivierende Atmosphäre, in der jede und jeder willkommen ist. Mit ihren Auftritten bei Vereinsfesten und Veranstaltungen bereichert die Jugendtanzgruppe das Vereinsleben und repräsentiert den Radefelder SV mit Stolz, Leidenschaft und Begeisterung. Ansprechpartnerinnen: Joline Sander &#8211; 0151 56000263 Christiane Bielig &#8211; 0174 9185697 Trainingszeit: Mittwoch 17:00 Uhr &#8211; 18:30 Uhr Trainingsort: Sport- u. Festhalle Radefeld (Landsberger Str. 5)</p>
<div class="pvc_clear"></div>
<p id="pvc_stats_3949" class="pvc_stats all  " data-element-id="3949" style=""><i class="pvc-stats-icon small" aria-hidden="true"><svg aria-hidden="true" focusable="false" data-prefix="far" data-icon="chart-bar" role="img" xmlns="http://www.w3.org/2000/svg" viewBox="0 0 512 512" class="svg-inline--fa fa-chart-bar fa-w-16 fa-2x"><path fill="currentColor" d="M396.8 352h22.4c6.4 0 12.8-6.4 12.8-12.8V108.8c0-6.4-6.4-12.8-12.8-12.8h-22.4c-6.4 0-12.8 6.4-12.8 12.8v230.4c0 6.4 6.4 12.8 12.8 12.8zm-192 0h22.4c6.4 0 12.8-6.4 12.8-12.8V140.8c0-6.4-6.4-12.8-12.8-12.8h-22.4c-6.4 0-12.8 6.4-12.8 12.8v198.4c0 6.4 6.4 12.8 12.8 12.8zm96 0h22.4c6.4 0 12.8-6.4 12.8-12.8V204.8c0-6.4-6.4-12.8-12.8-12.8h-22.4c-6.4 0-12.8 6.4-12.8 12.8v134.4c0 6.4 6.4 12.8 12.8 12.8zM496 400H48V80c0-8.84-7.16-16-16-16H16C7.16 64 0 71.16 0 80v336c0 17.67 14.33 32 32 32h464c8.84 0 16-7.16 16-16v-16c0-8.84-7.16-16-16-16zm-387.2-48h22.4c6.4 0 12.8-6.4 12.8-12.8v-70.4c0-6.4-6.4-12.8-12.8-12.8h-22.4c-6.4 0-12.8 6.4-12.8 12.8v70.4c0 6.4 6.4 12.8 12.8 12.8z" class=""></path></svg></i> <img decoding="async" width="16" height="16" alt="Loading" src="https://radefeldersv.de/wp-content/plugins/page-views-count/ajax-loader-2x.gif" border=0 /></p>
<div class="pvc_clear"></div>
